r when 163 is divided by 21?
16
What is the remainder when 459 is divided by 93?
87
What is the remainder when 165 is divided by 12?
9
What is the remainder when 237 is divided by 5?
2
What is the remainder when 17371 is divided by 17?
14
What is the remainder when 142 is divided by 17?
6
Calculate the remainder when 670 is divided by 61.
60
Calculate the remainder when 206 is divided by 21.
17
What is the remainder when 453 is divided by 445?
8
What is the remainder when 1468 is divided by 489?
1
Calculate the remainder when 54 is divided by 11.
10
What is the remainder when 900 is divided by 17?
16
Calculate the remainder when 175 is divided by 37.
27
Calculate the remainder when 9469 is divided by 32.
29
Calculate the remainder when 609 is divided by 77.
70
What is the remainder when 313 is divided by 41?
26
What is the remainder when 410 is divided by 84?
74
What is the remainder when 234 is divided by 107?
20
What is the remainder when 206 is divided by 19?
16
What is the remainder when 913 is divided by 102?
97
What is the remainder when 94 is divided by 92?
2
Calculate the remainder when 467 is divided by 94.
91
What is the remainder when 290 is divided by 71?
6
What is the remainder when 1546 is divided by 141?
136
What is the remainder when 103 is divided by 21?
19
Calculate the remainder when 9736 is divided by 3244.
4
Calculate the remainder when 201 is divided by 39.
6
Calculate the remainder when 12528 is divided by 14.
12
Calculate the remainder when 371 is divided by 11.
8
What is the remainder when 750 is divided by 94?
92
What is the remainder when 229 is divided by 40?
29
What is the remainder when 177 is divided by 34?
7
What is the remainder when 714 is divided by 185?
159
What is the remainder when 275 is divided by 81?
32
What is the remainder when 502 is divided by 21?
19
What is the remainder when 39769 is divided by 163?
160
What is the remainder when 46 is divided by 4?
2
What is the remainder when 108 is divided by 48?
12
What is the remainder when 336 is divided by 38?
32
What is the remainder when 8527 is divided by 82?
81
Calculate the remainder when 136 is divided by 21.
10
What is the remainder when 974 is divided by 198?
182
Calculate the remainder when 401 is divided by 85.
61
Calculate the remainder when 25458 is divided by 27.
24
Calculate the remainder when 1217 is divided by 203.
202
Calculate the remainder when 182 is divided by 28.
14
What is the remainder when 2379 is divided by 14?
13
What is the remainder when 602 is divided by 268?
66
What is the remainder when 555 is divided by 13?
9
Calculate the remainder when 263 is divided by 14.
11
What is the remainder when 2351 is divided by 235?
1
What is the remainder when 242 is divided by 96?
50
Calculate the remainder when 15753 is divided by 202.
199
What is the remainder when 91 is divided by 20?
11
What is the remainder when 144 is divided by 62?
20
What is the remainder when 178 is divided by 36?
34
What is the remainder when 68 is divided by 10?
8
Calculate the remainder when 369 is divided by 11.
6
What is the remainder when 93 is divided by 21?
9
What is the remainder when 2471 is divided by 4?
3
What is the remainder when 12 is divided by 7?
5
Calculate the remainder when 20602 is divided by 90.
82
Calculate the remainder when 318 is divided by 64.
62
Calculate the remainder when 485 is divided by 31.
20
Calculate the remainder when 1298 is divided by 20.
18
Calculate the remainder when 271 is divided by 50.
21
What is the remainder when 52 is divided by 29?
23
What is the remainder when 1879 is divided by 626?
1
Calculate the remainder when 982 is divided by 161.
16
What is the remainder when 29 is divided by 25?
4
Calculate the remainder when 980 is divided by 57.
11
What is the remainder when 251 is divided by 43?
36
Calculate the remainder when 195 is divided by 97.
1
Calculate the remainder when 727 is divided by 19.
5
What is the remainder when 56 is divided by 10?
6
Calculate the remainder when 21167 is divided by 147.
146
Calculate the remainder when 7894 is divided by 155.
144
Calculate the remainder when 2524 is divided by 57.
16
Calculate the remainder when 98 is divided by 44.
10
What is the remainder when 1600 is divided by 35?
25
Calculate the remainder when 789 is divided by 53.
47
Calculate the remainder when 97 is divided by 10.
7
What is the remainder when 213 is divided by 54?
51
Calculate the remainder when 4404 is divided by 13.
10
Calculate the remainder when 108 is divided by 28.
24
What is the remainder when 95 is divided by 33?
29
Calculate the remainder when 1902 is divided by 49.
40
Calculate the remainder when 3038 is divided by 1000.
38
Calculate the remainder when 71 is divided by 16.
7
Calculate the remainder when 564 is divided by 28.
4
Calculate the remainder when 132 is divided by 45.
42
What is the remainder when 925 is divided by 227?
17
What is the remainder when 578 is divided by 36?
2
Calculate the remainder when 309 is divided by 96.
21
Calculate the remainder when 4365 is divided by 28.
25
Calculate the remainder when 681 is divided by 113.
3
Calculate the remainder when 267 is divided by 84.
15
Calculate the remainder when 626 is divided by 15.
11
Calculate the remainder when 12078 is divided by 47.
46
What is the remainder when 175 is divided by 88?
87
What is the remainder when 554 is divided by 99?
59
What is the remainder when 285 is divided by 72?
69
Calculate the remainder when 1113 is divided by 126.
105
What is the remainder when 788 is divided by 10?
8
Calculate the remainder when 71 is divided by 13.
6
What is the remainder when 2567 is divided by 285?
2
What is the remainder when 553 is divided by 180?
13
What is the remainder when 424 is divided by 23?
10
Calculate the remainder when 191 is divided by 49.
44
What is the remainder when 377 is divided by 38?
35
Calculate the remainder when 83 is divided by 13.
5
What is the remainder when 4282 is divided by 1422?
16
What is the remainder when 279 is divided by 98?
83
Calculate the remainder when 408 is divided by 60.
48
What is the remainder when 115 is divided by 20?
15
What is the remainder when 1148 is divided by 61?
50
Calculate the remainder when 364 is divided by 186.
178
What is the remainder when 171 is divided by 22?
17
Calculate the remainder when 842 is divided by 155.
67
What is the remainder when 1244 is divided by 409?
17
Calculate the remainder when 26673 is divided by 117.
114
Calculate the remainder when 635 is divided by 125.
10
Calculate the remainder when 143 is divided by 77.
66
What is the remainder when 147 is divided by 117?
30
Calculate the remainder when 40 is divided by 23.
17
What is the remainder when 84 is divided by 10?
4
Calculate the remainder when 43 is divided by 39.
4
What is the remainder when 77 is divided by 20?
17
What is the remainder when 591 is divided by 95?
21
What is the remainder when 185 is divided by 48?
41
Calculate the remainder when 1134 is divided by 22.
12
Calculate the remainder when 1315 is divided by 321.
31
Calculate the remainder when 37 is divided by 13.
11
What is the remainder when 365 is divided by 358?
7
Calculate the remainder when 184 is divided by 49.
37
What is the remainder when 3525 is divided by 63?
60
What is the remainder when 68 is divided by 9?
5
What is the remainder when 2405 is divided by 86?
83
Calculate the remainder when 109 is divided by 37.
35
What is the remainder when 14789 is divided by 34?
33
What is the remainder when 524 is divided by 145?
89
Calculate the remainder when 3195 is divided by 107.
92
What is the remainder when 6914 is divided by 26?
24
Calculate the remainder when 492 is divided by 71.
66
What is the remainder when 995 is divided by 324?
23
Calculate the remainder when 477 is divided by 68.
1
Calculate the remainder when 150 is divided by 9.
6
What is the remainder when 4 is divided by 2?
0
What is the remainder when 6775 is divided by 41?
10
What is the remainder when 736 is divided by 185?
181
Calculate the remainder when 436 is divided by 55.
51
What is the remainder when 3130 is divided by 36?
34
Calculate the remainder when 18534 is divided by 23.
19
Calculate the remainder when 44099 is divided by 98.
97
What is the remainder when 32